{"id":51,"date":"2026-01-20T17:04:06","date_gmt":"2026-01-20T17:04:06","guid":{"rendered":"https:\/\/vetprnjavor.com\/?page_id=51"},"modified":"2026-01-21T12:17:46","modified_gmt":"2026-01-21T12:17:46","slug":"o-nama","status":"publish","type":"page","link":"https:\/\/vetprnjavor.com\/?page_id=51","title":{"rendered":"O nama"},"content":{"rendered":"\n    \n    <section class=\"u-clearfix u-section-2\" id=\"block-1\">\n      <div class=\"u-clearfix u-sheet u-sheet-1\">\n        <div class=\"fr-view u-clearfix u-rich-text u-text u-text-1\">\n          <p style=\"text-align: justify;\"><span style=\"font-size: 1.5rem;\">A.D Veterinarska stanica Prnjavor&nbsp;<\/span>raspola\u017ee sa najmodernijom dijagnostikom ( RTG, ultrazvuk, laboratorije za analizu krvi...). Sprovodimo op\u0161te klini\u010dke i specijalisti\u010dke preglede ( ortopedske, neurolo\u0161ke, oftalmolo\u0161ke...) Izvodimo najslo\u017eenije hirur\u0161ke zahvate iz oblasti ortopedije ( osteosinteze, ligamentoplastiku, operacie kukova), abdominalne hirurgije, hirurgije tumora i op\u0161te hirurgije, uz najmodernije procedure u lokalnoj i op\u0161toj anesteziji ( inhalacionoj i i balansiranoj injekcionoj). Hirur\u0161ke zavate izvodi tim pod rukovodstvom dr sci Sini\u0161e Gatari\u0107a PhD, jedinog doktora nauka iz oblasti hirurgije u Republici Srpskoj U postoperativnom toku kao i u te\u0161kim urgentnim situacijama svog ljubimca mo\u017eete ostaviti kod nas vi\u0161ednevno na intenzivnoj njezi. Stanica raspola\u017ee sa GROOMING kabinetom u kome mo\u017eete uljep\u0161ati svog ljubimcs ( \u0161i\u0161anje, kupanje, pedikir skidanje kamenca sa zubi). U okviru Stanice se nalai apoteka i petshop gdje mo\u017eete nabaviti sve neophodne lijekove, suplemente, hranu i opremu za svog ljubimca.\n          <\/p>\n        <\/div>\n        <div class=\"u-expanded-width u-gallery u-layout-grid u-lightbox u-no-transition u-show-text-none u-gallery-1\">\n          <div class=\"u-gallery-inner u-gallery-inner-1\">\n            <div class=\"u-effect-hover-liftUp u-gallery-item\">\n              <div class=\"u-back-slide\" data-image-width=\"1600\" data-image-height=\"762\">\n                <img decoding=\"async\" class=\"u-back-image u-expanded\" src=\"https:\/\/vetprnjavor.com\/wp-content\/uploads\/2026\/01\/5224cebc-323f-4479-acaa-cd905f92676c1.jpg\">\n              <\/div>\n              <div class=\"u-over-slide u-shading u-over-slide-1\"><\/div>\n            <\/div>\n            <div class=\"u-effect-hover-liftUp u-gallery-item\">\n              <div class=\"u-back-slide\" data-image-width=\"2048\" data-image-height=\"1547\">\n                <img decoding=\"async\" class=\"u-back-image u-expanded\" src=\"https:\/\/vetprnjavor.com\/wp-content\/uploads\/2026\/01\/550993940_1215718920574882_8629797054350441890_n.jpg\">\n              <\/div>\n              <div class=\"u-over-slide u-shading u-over-slide-2\"><\/div>\n            <\/div>\n            <div class=\"u-effect-hover-liftUp u-gallery-item\">\n              <div class=\"u-back-slide\" data-image-width=\"150\" data-image-height=\"100\">\n                <img decoding=\"async\" class=\"u-back-image u-expanded\" src=\"https:\/\/vetprnjavor.com\/wp-content\/uploads\/2026\/01\/IBvQJCOIMJU.jpeg\">\n              <\/div>\n              <div class=\"u-over-slide u-shading u-over-slide-3\"><\/div>\n            <\/div>\n            <div class=\"u-effect-hover-liftUp u-gallery-item\">\n              <div class=\"u-back-slide\" data-image-width=\"732\" data-image-height=\"474\">\n                <img decoding=\"async\" class=\"u-back-image u-expanded\" src=\"https:\/\/vetprnjavor.com\/wp-content\/uploads\/2026\/01\/547086128_1205396071607167_6896336958744663309_n.jpg\">\n              <\/div>\n              <div class=\"u-over-slide u-shading u-over-slide-4\"><\/div>\n            <\/div>\n            <div class=\"u-effect-hover-liftUp u-gallery-item\">\n              <div class=\"u-back-slide\" data-image-width=\"150\" data-image-height=\"109\">\n                <img decoding=\"async\" class=\"u-back-image u-expanded\" src=\"https:\/\/vetprnjavor.com\/wp-content\/uploads\/2026\/01\/mlswzALRNakF9tcVyeqA.jpeg\">\n              <\/div>\n              <div class=\"u-over-slide u-shading u-over-slide-5\"><\/div>\n            <\/div>\n            <div class=\"u-effect-hover-liftUp u-gallery-item\" data-image-width=\"150\" data-image-height=\"100\">\n              <div class=\"u-back-slide\">\n                <img decoding=\"async\" class=\"u-back-image u-expanded\" src=\"https:\/\/vetprnjavor.com\/wp-content\/uploads\/2026\/01\/SDjdr9sUmmb0147He5o.jpeg\">\n              <\/div>\n              <div class=\"u-over-slide u-shading u-over-slide-6\"><\/div>\n            <\/div>\n          <\/div>\n        <\/div>\n      <\/div>\n    <\/section>\n    \n    \n    \n  \n","protected":false},"excerpt":{"rendered":"<p>A.D Veterinarska stanica Prnjavor&nbsp;raspola\u017ee sa najmodernijom dijagnostikom ( RTG, ultrazvuk, laboratorije za analizu krvi&#8230;). Sprovodimo op\u0161te klini\u010dke i specijalisti\u010dke preglede ( ortopedske, neurolo\u0161ke, oftalmolo\u0161ke&#8230;) Izvodimo najslo\u017eenije hirur\u0161ke zahvate iz oblasti ortopedije ( osteosinteze, ligamentoplastiku, operacie kukova), abdominalne hirurgije, hirurgije tumora i op\u0161te hirurgije, uz najmodernije procedure u lokalnoj i op\u0161toj anesteziji ( inhalacionoj i i &hellip; <a href=\"https:\/\/vetprnjavor.com\/?page_id=51\" class=\"more-link\">Continue reading<span class=\"screen-reader-text\"> &#8220;O nama&#8221;<\/span><\/a><\/p>\n","protected":false},"author":1,"featured_media":0,"parent":0,"menu_order":2,"comment_status":"closed","ping_status":"closed","template":"","meta":{"footnotes":""},"class_list":["post-51","page","type-page","status-publish","hentry"],"_links":{"self":[{"href":"https:\/\/vetprnjavor.com\/index.php?rest_route=\/wp\/v2\/pages\/51","targetHints":{"allow":["GET"]}}],"collection":[{"href":"https:\/\/vetprnjavor.com\/index.php?rest_route=\/wp\/v2\/pages"}],"about":[{"href":"https:\/\/vetprnjavor.com\/index.php?rest_route=\/wp\/v2\/types\/page"}],"author":[{"embeddable":true,"href":"https:\/\/vetprnjavor.com\/index.php?rest_route=\/wp\/v2\/users\/1"}],"replies":[{"embeddable":true,"href":"https:\/\/vetprnjavor.com\/index.php?rest_route=%2Fwp%2Fv2%2Fcomments&post=51"}],"version-history":[{"count":4,"href":"https:\/\/vetprnjavor.com\/index.php?rest_route=\/wp\/v2\/pages\/51\/revisions"}],"predecessor-version":[{"id":81,"href":"https:\/\/vetprnjavor.com\/index.php?rest_route=\/wp\/v2\/pages\/51\/revisions\/81"}],"wp:attachment":[{"href":"https:\/\/vetprnjavor.com\/index.php?rest_route=%2Fwp%2Fv2%2Fmedia&parent=51"}],"curies":[{"name":"wp","href":"https:\/\/api.w.org\/{rel}","templated":true}]}}